)?
287
Let o(c) = -2*c**3 - 6*c**2 - 5*c - 2. What is o(-2)?
0
Let g(t) = 17*t**2 - 7*t + 19. What is g(3)?
151
Let y(a) = 2372*a - 18966. Determine y(8).
10
Let b(s) = 59*s**2 + 223*s - 222. What is b(1)?
60
Let u(y) = 55*y + 4949. Determine u(-91).
-56
Let x(s) = -4*s**3 - 33*s**2 - 43*s - 293. What is x(-8)?
-13
Let m(i) = -8*i + 354. Calculate m(45).
-6
Let z(x) = 3*x**3 + 5*x**2 + 3*x - 4. What is z(-4)?
-128
Let m(x) = -1031*x - 275. Give m(-1).
756
Let h(p) = -p**2 + 8*p - 6. Determine h(-2).
-26
Let g(u) = u**2 - u + 2. Determine g(6).
32
Let g(v) = 4*v**3 + 9*v**2 - 31*v - 6. Determine g(-6).
-360
Let d(i) = -61*i + 236. Give d(3).
53
Let h(u) = 32*u**2 + 137*u - 10. Calculate h(-4).
-46
Let f(r) = 754*r - 3775. Give f(5).
-5
Let r(c) = -5*c**3 + 29*c**2 + 9*c - 30. What is r(6)?
-12
Let d(z) = 74*z + 270. Determine d(-3).
48
Let o(q) = -q**3 - 90*q**2 + 191*q + 566. Determine o(-92).
-78
Let u(w) = -2*w**2 - 66*w - 527. Calculate u(-13).
-7
Let d(g) = 455*g - 10920. Determine d(24).
0
Let x(z) = -18*z - 5. Determine x(-4).
67
Let w(m) = -2*m**3 - 16*m**2 - 20*m + 37. What is w(-6)?
13
Let w(f) = -30*f**2 - 1234*f - 2459. Give w(-2).
-111
Let x(u) = -2*u**2 + 143*u - 287. Give x(2).
-9
Let y(f) = f**3 + 19*f**2 + 45*f - 5. Give y(-3).
4
Let l(o) = -663*o + 2646. Give l(4).
-6
Let l(i) = 21*i + 594. What is l(-28)?
6
Let k(u) = u**2 - 85*u + 89. Determine k(79).
-385
Let l(a) = -a**3 + 14*a**2 - 14*a - 72. Determine l(12).
48
Let w(h) = h**3 + 68*h**2 - 205*h + 358. What is w(-71)?
-210
Let z(j) = -4750*j - 23759. Determine z(-5).
-9
Let w(t) = -14*t + 14. Give w(3).
-28
Let t(k) = k**3 - 38*k**2 + 197*k - 163. What is t(32)?
-3
Let m(d) = -20*d**2 + 26*d + 24. Determine m(-1).
-22
Let c(r) = -r**3 + 38*r**2 + 168*r - 33. What is c(42)?
-33
Let i(b) = 12*b**2 - 78*b - 48. What is i(7)?
-6
Let l(u) = 1307*u + 2606. Determine l(-2).
-8
Let x(v) = -v**2 - 27*v + 970. Determine x(-51).
-254
Let r(x) = -573*x + 3483. Give r(6).
45
Let y(m) = -m**3 + 103*m**2 + 11*m - 1132. Give y(103).
1
Let p(d) = -30*d**2 + 2995*d + 468. Determine p(100).
-32
Let b(o) = -o**3 + 25*o**2 - 6*o + 60. What is b(25)?
-90
Let k(d) = 27*d + 509. Calculate k(-18).
23
Let z(u) = u**2 - 318*u + 23594. Give z(118).
-6
Let x(d) = -d**3 - d**2 + 19*d + 24. Give x(-8).
320
Let c(w) = 506*w - 1524. Give c(3).
-6
Let i(w) = w - 168. Calculate i(-48).
-216
Let v(d) = 20*d - 4129. Calculate v(207).
11
Let l(d) = -79476*d - 317904. Give l(-4).
0
Let p(v) = 4*v - 23. Calculate p(3).
-11
Let g(k) = 2*k**3 - 14*k**2 + 8*k + 17. Calculate g(5).
-43
Let q(z) = -12*z**2 - 12*z + 7. Calculate q(2).
-65
Let m(z) = -195*z + 11694. Calculate m(60).
-6
Let s(k) = -15*k**2 + 1207*k + 9184. Calculate s(-7).
0
Let j(w) = 10*w**2 - 374*w - 621. Give j(39).
3
Let y(s) = s**3 + 29*s**2 + 201*s + 42. What is y(-18)?
-12
Let q(u) = 127*u**2 - 8001*u - 13. Determine q(63).
-13
Let g(u) = -2*u**2 - 27*u - 15. Give g(-6).
75
Let k(n) = -32861*n - 230023. Give k(-7).
4
Let k(r) = -2*r**2 - 50*r + 12. Calculate k(-22).
144
Let q(b) = -3*b**3 - 5*b**2 - b + 16. Give q(3).
-113
Let r(o) = -o - 39. Determine r(-22).
-17
Let n(s) = -174*s + 7681. What is n(45)?
-149
Let d(y) = -32*y + 1763. Give d(53).
67
Let f(b) = b**2 - 78*b + 581. Give f(8).
21
Let t(x) = -366*x - 19. Give t(1).
-385
Let k(z) = -79*z + 10940. What is k(140)?
-120
Let i(n) = 5*n**2 - 33*n - 53. Give i(8).
3
Let o(z) = -3*z**2 - 42*z + 2041. Calculate o(20).
1
Let j(t) = 7*t**2 - 12*t - 19. Give j(8).
333
Let r(c) = 445*c**2 + 2681*c + 47. What is r(-6)?
-19
Let x(y) = 8*y**2 - 1136*y - 3483. Determine x(145).
-3
Let o(s) = -s**3 - 4*s**2 + 10*s + 67. What is o(-5)?
42
Let f(h) = 24933*h + 174541. What is f(-7)?
10
Let a(y) = 108*y - 443. Determine a(4).
-11
Let v(x) = -x**3 - 6*x**2 + 14*x + 9. Give v(-9).
126
Let p(t) = t**2 + 7*t + 1. Calculate p(-9).
19
Let m(g) = 4*g**3 - 5*g**2 + 4*g + 3. Determine m(-4).
-349
Let o(z) = -289*z + 2290. Give o(8).
-22
Let n(p) = p**2 - 66*p + 505. What is n(9)?
-8
Let c(x) = -x**3 + 11*x**2 + 24*x - 424. What is c(12)?
-280
Let t(k) = -k**3 + 10*k**2 + 20*k - 23. Calculate t(1).
6
Let w(n) = -124*n**2 + 1363*n + 15. What is w(11)?
4
Let o(l) = l**3 + 27*l**2 - 7*l - 166. Calculate o(-27).
23
Let z(v) = -97*v - 7582. Determine z(-78).
-16
Let h(g) = 187*g + 889. Give h(-5).
-46
Let t(o) = -o**3 - 10*o**2 + o + 122. Give t(-5).
-8
Let f(q) = -28*q - 145. What is f(-17)?
331
Let v(a) = 27*a**2 + 155*a - 320. What is v(2)?
98
Let t(p) = -1936*p - 7770. Determine t(-4).
-26
Let c(r) = 1001*r - 11013. Calculate c(11).
-2
Let j(f) = f**3 - 83*f**2 + 1727*f - 19. What is j(37)?
906
Let v(o) = -o**3 - 24*o**2 - 6*o + 1975. Determine v(-16).
23
Let n(f) = -27*f + 345. What is n(14)?
-33
Let k(b) = -1893*b - 3781. What is k(-2)?
5
Let v(t) = 66*t + 786. What is v(-24)?
-798
Let n(s) = -8*s - 14. Determine n(0).
-14
Let y(b) = -b**2 + 35*b - 294. Give y(13).
-8
Let c(v) = 1073*v + 36527. What is c(-34)?
45
Let k(m) = -790*m + 25281. Calculate k(32).
1
Let v(c) = -c**3 - 16*c**2 + 14*c + 112. What is v(-16)?
-112
Let i(t) = -1054*t + 12638. Calculate i(12).
-10
Let a(w) = -w**2 + 138*w - 1618. Calculate a(125).
7
Let k(a) = a**3 - 5*a**2 - 23*a + 123. Give k(5).
8
Let s(v) = v**2 - 19*v - 12. What is s(4)?
-72
Let p(n) = -55*n - 1009. What is p(-20)?
91
Let k(w) = 875*w + 6120. Give k(-7).
-5
Let t(d) = -d**3 + 15*d**2 - 39*d - 11. Determine t(12).
-47
Let r(b) = -48*b**2 - 861*b + 49. Determine r(-18).
-5
Let d(v) = v**3 + 10*v**2 - 78*v - 764. Give d(-8).
-12
Let v(k) = k**3 + 34*k**2 - 30*k - 195. What is v(-35)?
-370
Let b(d) = 668*d - 5344. Calculate b(8).
0
Let y(n) = -n**2 - 38*n - 110. Give y(-33).
55
Let x(b) = -3*b**2 - 24*b - 30. Give x(5).
-225
Let i(b) = b**3 - 26*b**2 + 134*b + 111. What is i(19)?
130
Let c(l) = 20*l**3 - 9*l**2 - 4*l + 2. Determine c(2).
118
Let d(x) = 3*x**2 - 176*x + 178. Give d(1).
5
Let f(i) = 4*i**2 - 6*i - 31. What is f(6)?
77
Let q(o) = 24*o - 124. Determine q(23).
428
Let q(c) = -18*c**2 + 179*c + 5. What is q(10)?
-5
Let g(f) = -2*f**3 + 19*f**2 - 26*f + 14. Determine g(8).
-2
Let g(w) = -42*w - 2320. Give g(-55).
-10
Let n(h) = h**3 - 22*h**2 + 49*h - 1076. Determine n(22).
2
Let v(h) = -h**3 + 5*h**2 + 3*h + 2. What is v(5)?
17
Let y(s) = s**2 + 4003*s + 19988. What is y(-5)?
-2
Let w(v) = 143*v - 709. Determine w(9).
578
Let n(p) = -428*p + 25723. Determine n(60).
43
Let f(n) = -10*n**2 + 52*n - 14. Determine f(3).
52
Let x(l) = 155*l - 4871. Give x(32).
89
Let m(f) = f**2 - 23*f + 138. Give m(5).
48
Let w(b) = -39*b**3 - 9*b**2 + 7*b + 3. What is w(1)?
-38
Let i(j) = 18*j + 124. Calculate i(-6).
16
Let b(l) = 352*l - 2364. What is b(7)?
100
Let g(w) = w**2 + 291*w + 4666. Determine g(-17).
8
Let w(a) = 308*a**2 + 4927*a - 5. Give w(-16).
11
Let r(a) = -a**3 + 76*a**2 - 1250*a + 106. Calculate r(52).
2
Let p(b) = 3*b**2 - 291*b + 1807. Determine p(90).
-83
Let l(a) = 2*a**3 - 233*a**2 - 118*a + 258. Determine l(117).
141
Let t(m) = m**2 - 22*m + 111. Calculate t(15).
6
Let l(r) = -r**3 + 81*r**2 + 707*r - 37. Determine l(-8).
3
Let d(v) = 3*v**3 + 128*v**2 + 196*v - 371. What is d(-41)?
-2
Let k(g) = 19*g**2 - 1801*g + 1413. Give k(94).
3
Let f(w) = -w**3 - w**2 + 11*w + 3. Give f(-5).
48
Let g(b) = -b**2 - 138*b - 4701. Give g(-76).
11
Let o(r) = r**3 - 13*r**2 - 78*r + 1036. Give o(14).
140
Let w(i) = i**2 - 31*i + 48. What is w(34)?
150
Let l(f) = 83*f + 663. What is l(-8)?
-1
Let j(x) = -6*x**3 - 3*x**2 + 104*x - 101. What is j(1)?
-6
Let f(i) = -7*i**2 - 42*i + 31. Calculate f(-7).
-18
Let v(y) = -68*y + 57. Give v(1).
-11
Let v(u) = u**3 + 7*u**2 + 4*u - 8. What is v(-7)?
-36
Let w(r) = r**2 + 39*r + 21. Calculate w(-39).
21
Let c(o) = o**2 - 114*o + 1665. Calculate c(97).
16
Let v(w) = -w**2 - 49*w + 2282. Give v(29).
20
Let r(l) = l**3 - 17*l**2 - 1054*l - 101. Give r(-25).
-1
Let b(n) = 51*n - 2556. Calculate b(50).
-6
Let v(d) = -7*d**2 + 25*d - 62. What is v(7)?
-230
Let i(o) = -o**3 + 25*o**2 + 24*o + 32. Determine i(26).
-20
Let s(o) = -3*o**3 + 102*o**2 + 222*o - 189. What is s(36)?
27
Let y(x) = -6*x**2 + 39*x - 111. Determine y(5).
-66
Let o(r) = r**2 + 34*r + 234. What is o(-27)?
45
Let n(j) = -48*j + 13. What is n(2)?
-83
Let g(z) = -353*z -